 0/(1*-3) + 49. Let i be q + 6/(-3) + 4. Let j = i + -16. Is j prime?
False
Is -7*((-556)/2 + 1) a prime number?
False
Let q(j) = -j**3 + 6*j**2 + 5*j + 9. Let f be q(7). Let k(g) = -29*g. Is k(f) a prime number?
False
Let p(h) = -2*h + 1. Let t be p(2). Is 3 + -3 + 124 - t composite?
False
Suppose q = 28 + 23. Is q prime?
False
Let x(j) = -110*j**2 - 6*j - 4. Let h(k) = -109*k**2 - 7*k - 5. Let f(z) = 3*h(z) - 4*x(z). Let c be f(-2). Suppose 5*d - 108 - c = 0. Is d composite?
True
Suppose -2*b - 3*o = -52, 4*b + 3*o = 3*b + 23. Let q = -2 - b. Let x = -10 - q. Is x prime?
False
Suppose 334 = r + 3*f, 3*f = r - 171 - 133. Is r composite?
True
Suppose -f = -377 - 530. Is f a composite number?
False
Suppose -5*r - 25 = 0, -2*r - 155 = -3*s + 389. Is s composite?
True
Let z(g) be the second derivative of -g**4/12 + 4*g**3/3 - 7*g**2/2 - g. Let i be z(6). Suppose n - 4*s = 77, -n + i*s - 3*s = -81. Is n a composite number?
True
Let x(p) = -p**2 + 3*p - 6. Let y be x(3). Is (-4)/y*921/2 prime?
True
Let m(c) be the first derivative of c**4/12 + c**3/3 + c**2 - 3*c - 3. Let z(y) be the first derivative of m(y). Is z(5) prime?
True
Is (-1 - -2)/(1/211) prime?
True
Let b(s) = 4*s**3 - 5*s**2 + 2*s - 3. Let o be b(5). Is o/(-12)*-3*2 composite?
False
Suppose -3*m = -7*m. Suppose 3*q - 2*q + 85 = m. Let f = q + 174. Is f a composite number?
False
Let m = -7 - -17. Let i = m + -6. Suppose -i*h + 311 = -y, 2*y + 3*y = 5*h - 400. Is h composite?
True
Suppose 2 = f - 1. Suppose 0 = -2*l - f*l + 1245. Let i = l + -116. Is i prime?
False
Let p(d) = 119*d**2. Let h be p(-1). Let a = 190 - h. Is a a prime number?
True
Suppose f + 1382 = 3*f. Is f a prime number?
True
Let y = 3 + 2. Let s = y + -1. Is 1/s - 5346/(-24) composite?
False
Let d(h) = -h**3 + 7*h**2 + 8*h + 4. Let v be d(8). Suppose t = -v*b + 4*t - 102, 2*b = 5*t - 44. Is -2 + b*(-2 + 1) prime?
False
Let i be 2 - (-2)/((-6)/(-9)). Suppose i*g = 2*g + 543. Is g a prime number?
True
Let v(g) = -2*g**3 - 3*g**2 - g. Let j be (9/6)/((-6)/8). Let c be v(j). Suppose -2*l = -c*l + 620. Is l a composite number?
True
Let j be (-1)/((-2)/(-3 + 47)). Suppose -4 = -3*v + 11. Suppose -j + 87 = v*m. Is m a prime number?
True
Let f(y) be the second derivative of y**5/20 - 5*y**4/12 + y**3/3 + y**2 + 2*y. Let w be f(4). Is 79 + -3*w/(-9) a composite number?
True
Let o(p) = -83*p + 26. Is o(-4) a prime number?
False
Let o = -2 + 4. Let a(q) = 6*q**2 - q + 1. Is a(o) prime?
True
Suppose 5 + 11 = -4*r - 4*o, -2*o = 5*r + 29. Let s = r - -22. Is s composite?
True
Let w be (1 + 3)*(-5)/(-10). Suppose 2*h + 4*o = -22, w*h = -2*o - o - 27. Let j = h + 56. Is j a prime number?
False
Suppose 0 = 13*j - 9*j. Suppose j = n + 4*n - 265. Is n a composite number?
False
Suppose c + 0 - 2 = 0. Suppose v + 3*w - 17 + 0 = 0, -2*w - 2 = -c*v. Is 21/35 + 122/v a composite number?
True
Suppose 2*l + 1 - 3 = -3*w, -l = 2. Suppose 0 = w*f + 1 - 15. Is f a prime number?
True
Let n(l) = -l**3 - 7*l**2 - 3*l - 9. Is n(-10) prime?
False
Let h = -343 - -878. Is h a composite number?
True
Is (24612/3)/4 + 2 prime?
True
Let m = 11 - 7. Let r = 1 + m. Suppose -r*d - 43 + 108 = 0. Is d a prime number?
True
Let c be (2 + 1)/(12/16). Suppose 1784 = c*f - 3*q + q, -5*f + 2*q = -2230. Is f a composite number?
True
Let x(h) = -2*h - 5. Let g be x(6). Let z = 144 + g. Is z composite?
False
Let o be (4 - (-2)/2) + -1. Let a = -3 + o. Let f = a + 21. Is f prime?
False
Let t be 39/12 - (-1)/(-4). Suppose -3*s - 1 = z, -5 = -t*z + 1. Is (-10)/(1 + s - 1) prime?
False
Suppose -u - 4 = -423. Is u a prime number?
True
Is 332 + 0 + 0 - -3 a composite number?
True
Suppose 3*q = 0, 0*y - 410 = -2*y + 2*q. Is y composite?
True
Let h(c) = -27*c - 1. Let t be h(-5). Suppose 2*m + t = 4*m. Is m a composite number?
False
Let j be 1/(23/11 + -2). Suppose 67 = 4*h + j. Is h composite?
True
Let y(n) = -17*n + 4*n + 6 + 5. Is y(-6) a composite number?
False
Let l(s) be the first derivative of 32*s**3 - s**2 - s + 3. Is l(-1) composite?
False
Let b(i) = -i**2 - 9*i - 9. Let x be b(-6). Let s(c) = -3*c**3 + 10*c - 13 + 9*c**2 + 6*c**3 - 4*c**3. Is s(x) composite?
True
Let f(z) = -2*z - 4. Let j be f(-3). Let s = 4 + j. Is s prime?
False
Suppose 0*g - g = -4. Suppose -11 = -g*b + 1. Suppose -32 = -b*w + 46. Is w composite?
True
Suppose 0 = 3*o - 6*o + 5*j - 194, 0 = 4*o - 3*j + 255. Let g(w) = -w**3 + 10*w**2 + 6*w + 7. Let i be g(9). Let t = o + i. Is t a composite number?
False
Suppose 2*d - 6 = -m, -2*m - d + 8 = m. Suppose -11 = -m*y + 51. Is y composite?
False
Let z(r) = r - 6. Let g be z(5). Let h be 1/(1/1) + g. Suppose a + 2*a - 237 = h. Is a a composite number?
False
Is 887 + 2*(3/6)/(-1) prime?
False
Let y(r) = -2*r. Let x be y(-5). Suppose t - 5*t - 2*c = -28, -5*c = -2*t - x. Suppose 25 = t*s, 0 = -3*h + s + 479 + 161. Is h prime?
False
Is (597/6)/((-4)/(-8)) prime?
True
Is (22/6)/(1 + (-848)/852) a composite number?
True
Let u(l) = -l - 1. Let j be u(-3). Suppose 156 = 3*r - 5*b, -2*r - j*b + 85 = b. Is r composite?
False
Is (1 - -2) + 1 + 465 prime?
False
Suppose -5*i + 5*a + 24 = 3*a, 2*i + a - 15 = 0. Let g(r) = 3*r**2 - 10*r + 7. Let f be g(i). Suppose -2*j - 3*j = -f. Is j a prime number?
True
Let a(w) = w**2 - 2*w + 87. Is a(0) a prime number?
False
Is (1 - 2)/((-8)/1480) a composite number?
True
Let n(w) = -w - 4. Let o(d) = 3*d + 9. Let k(t) = 5*n(t) + 2*o(t). Let z be k(5). Suppose 4*l + z = y, 3*y = 4*l + 4 + 37. Is y a composite number?
False
Let l = -7 - -5. Let g(s) = -23*s**3 + 2*s**2 + 2*s + 3. Is g(l) composite?
False
Suppose 50 = 3*i - 127. Suppose 0 = p - 38 - i. Is p a composite number?
False
Let v be (-1)/((-3)/(-9))*-1. Suppose -d = v*d - 244. Suppose 5*j - 14 = -2*z + 39, -4*z + d = 5*j. Is j composite?
True
Let r(u) = -u**2 + 6*u + 5. Let c be r(5). Let a(f) = -14 + 0*f**2 + 13 + 18*f - f**2 - 3*f. Is a(c) a prime number?
False
Let j(q) = -18*q - 21. Is j(-3) a prime number?
False
Let a(v) = -v**2 + 11*v. Let u = -13 + 19. Let k be a(u). Suppose 0*m = 3*m - k. Is m composite?
True
Let k(g) = -22*g**2 - 5*g - 6. Let o be k(-6). Is (-2)/(-10) + o/(-10) composite?
True
Suppose -g = 3*g + 4. Let x = g - -6. Suppose -2*k - 111 = -x*k. Is k composite?
False
Suppose 0 = -2*h + 3*u + 10, 3*u = 5*h - 2*h - 12. Suppose 0 = 2*m + h*j - 52, -4*m - j + 76 = -m. Is m composite?
True
Let b(q) = q + q**2 - 2*q**2 - 82 + 43 + 38 - 8*q**3. Suppose -i = o - 2*i - 1, 6 = 2*o - 3*i. Is b(o) a prime number?
False
Suppose 120*r - 118*r = 634. Is r a prime number?
True
Let i(t) = t**2 + 4*t. Let p be i(-4). Suppose p*o - 9 = 3*o, 2*o - 2 = 4*f. Is (f/(-6))/(4/588) composite?
True
Let m = 1129 - 134. Is m composite?
True
Let d(f) = 10*f - 1. Let t be d(-1). Let c = t - -16. Suppose 42 = -2*p + c*p. Is p a composite number?
True
Let w(a) = -a**3 - 3*a**2 - 2*a + 5. Is w(-5) composite?
True
Suppose 2*z - f - 22 = 30, -96 = -4*z - 2*f. Let q = z + -11. Is q a prime number?
False
Let g(m) = 3*m**3 - 6*m**2 - 3*m - 13. Is g(6) a composite number?
False
Suppose -9*g + 17*g = 13256. Is g composite?
False
Suppose -2*s = 2*s - 24. Suppose z + s = 2*z. Let r(p) = 2*p**3 - 7*p**2 + 6*p + 7. Is r(z) a composite number?
False
Suppose -14 + 2 = 4*z + 4*f, 12 = -3*f. Let h be (1/z)/(2/20). Suppose -111 - 91 = -4*g + 2*m, -2*m + h = 0. Is g a composite number?
False
Let d be ((-4)/14)/(1/(-7)). Suppose 0 = b - 2*l + 3, 8*b - 3*b + d*l - 21 = 0. Is b prime?
True
Suppose 2*m = 2, -9*a + 6*a + 11489 = -4*m. Is a a prime number?
False
Suppose -d + 1415 = 5*c, -d - 309 = -c + 4*d. Let k = c + -199. Let y = 120 - k. Is y prime?
False
Let v(r) = 6*r + 8. Let c be v(6). Suppose c + 88 = 4*g. Is g composite?
True
Let f = 494 - 223. Is f a composite number?
False
Suppose -5*r = -r - 16. Suppose r*b + 3*u - 20 = 0, 3*u - 2 = 10. Suppose -4*p + 2*v = -v - 190, 94 = b*p - 2*v. Is p a prime number?
False
Let h(c) = c**3 + 4*c**2 + 3*c. Let t be h(-2). Suppose -t = 2*w - 24. Is w composite?
False
Let z = -413 + 667. Is z composite?
True
Let x(d) = 3*d**2 + 2*d + 1. Suppose o = -3 + 6. Is x(o) prime?
False
Let g = -1 - -75. Is g prime?
False
Suppose p - 186 = 5*w, -4*p + w = 47 - 886. Is p composite?
False
Suppose w = -5*j + 1905, j - 762 = -j + 2*w. Is j a prime number?
False
Let o be -2 + 